{"id":989472,"date":"2025-09-02T14:28:02","date_gmt":"2025-09-02T12:28:02","guid":{"rendered":"https:\/\/magula.kucerka.sk\/?post_type=product&#038;p=989472"},"modified":"2025-09-03T15:48:27","modified_gmt":"2025-09-03T13:48:27","slug":"degustacna-vecera-pali-sekerka-2025","status":"publish","type":"product","link":"https:\/\/magula.kucerka.sk\/en\/produkt\/degustacna-vecera-pali-sekerka-2025\/","title":{"rendered":"Degusta\u010dn\u00e1 ve\u010dera s Palim Sekerkom"},"content":{"rendered":"<div class=\"vgblk-rw-wrapper limit-wrapper\">Existuje tak\u00e9 miesto\u2026<\/p>\n<p>Tam, kde sa vyn\u00e1raj\u00fa d\u00e1vno vnoren\u00e9 spomienky na detstvo.<br \/>\nKde kvety prekr\u00fdvaj\u00fa mot\u00fdle a z\u00e1voje hmyzu.<br \/>\nA v tieni stromov po\u010du\u0165 bzukot v\u010diel. Len sedie\u0165 a st\u00ed\u0161i\u0165 sa. Ponecha\u0165 priestor pr\u00edrode.<\/p>\n<p>\u201cM\u00e1m r\u00e1d tento zvuk.\u201d \u201cHej, aj ja,\u201d usmievam sa na Vlada, k\u00fdm Pali tancuje s pani Magulovou okolo arti\u010dokov.<\/p>\n<p>Nie, toto nie je len vinohrad. Je to farma. Prij\u00edma to, \u010do jej pripravila pr\u00edroda.<br \/>\n\u201cSpra\u0161ov\u00e1 p\u00f4da.\u201d<br \/>\nA prin\u00e1\u0161a do nej projekty neobmedzen\u00e9 \u010dasom, lebo len \u010das, trpezlivos\u0165 a \u201cja si v\u0161etko vy\u010d\u00edtam z kn\u00edh\u201d tu m\u00f4\u017eu fungova\u0165.<\/p>\n<p>A sem v\u00e1s chceme spolo\u010dne pozva\u0165.<br \/>\nMagula x Sekerka.<br \/>\nBude to ako pr\u00eds\u0165 k rodine. A nie, nep\u00f4jde len o ve\u010deru s Palim a Vladom.<\/p>\n<p>Za\u010dneme e\u0161te o nie\u010do sk\u00f4r. Magulovci v\u00e1s bud\u00fa sprev\u00e1dza\u0165 svojou z\u00e1hradou, miestami, kde \u017eij\u00fa, ktor\u00e9 roky tvoria. Ich domovom a farmou. Aj ke\u010f aj farma je domov. Uk\u00e1\u017eu v\u00e1m priestory vin\u00e1rstva na vrchole obera\u010dkovej sez\u00f3ny a \u010dak\u00e1 v\u00e1s priamy kontakt s v\u00fdrobou v\u00edna. A bud\u00fa arti\u010doky. A bezodn\u00fd poh\u00e1r v\u00edna k ve\u010deri. A kade\u010do in\u00e9, \u010do sa dochovalo a dopestovalo na farme.<\/p><\/div>\n<p><!-- .vgblk-rw-wrapper --><\/p>\n","protected":false},"excerpt":{"rendered":"<p><span style=\"font-size: 16px;\">Za\u017eite miesto a rodinu a spolu s nimi aj ve\u010deru pripraven\u00fa Palim, premyslene sp\u00e1rovan\u00fa s v\u00ednami od Magulovcov.<\/span><\/p>\n<p>13. september 2025 o 16:00<br \/>\n159 \u20ac s DPH\/osoba<\/p>\n<p>Vin\u00e1rstvo a farma Magula v Suchej nad Parnou<br \/>\nPredstavenie farmy a vin\u00e1rstva v tom najlep\u0161om \u010dase<\/p>\n<p>Degusta\u010dn\u00e1 ve\u010dera od Paliho s p\u00e1rovan\u00edm Magulovsk\u00fdch v\u00edn<br \/>\n..no a pocit, ktor\u00fd si so sebou odnesiete domov<\/p>\n","protected":false},"featured_media":989473,"comment_status":"open","ping_status":"closed","template":"","meta":{"_acf_changed":false},"product_brand":[],"product_cat":[334],"product_tag":[],"class_list":{"0":"post-989472","1":"product","2":"type-product","3":"status-publish","4":"has-post-thumbnail","6":"product_cat-eventy","8":"first","9":"instock","10":"taxable","11":"shipping-taxable","12":"purchasable","13":"product-type-simple"},"acf":[],"_links":{"self":[{"href":"https:\/\/magula.kucerka.sk\/en\/wp-json\/wp\/v2\/product\/989472","targetHints":{"allow":["GET"]}}],"collection":[{"href":"https:\/\/magula.kucerka.sk\/en\/wp-json\/wp\/v2\/product"}],"about":[{"href":"https:\/\/magula.kucerka.sk\/en\/wp-json\/wp\/v2\/types\/product"}],"replies":[{"embeddable":true,"href":"https:\/\/magula.kucerka.sk\/en\/wp-json\/wp\/v2\/comments?post=989472"}],"version-history":[{"count":1,"href":"https:\/\/magula.kucerka.sk\/en\/wp-json\/wp\/v2\/product\/989472\/revisions"}],"predecessor-version":[{"id":989495,"href":"https:\/\/magula.kucerka.sk\/en\/wp-json\/wp\/v2\/product\/989472\/revisions\/989495"}],"wp:featuredmedia":[{"embeddable":true,"href":"https:\/\/magula.kucerka.sk\/en\/wp-json\/wp\/v2\/media\/989473"}],"wp:attachment":[{"href":"https:\/\/magula.kucerka.sk\/en\/wp-json\/wp\/v2\/media?parent=989472"}],"wp:term":[{"taxonomy":"product_brand","embeddable":true,"href":"https:\/\/magula.kucerka.sk\/en\/wp-json\/wp\/v2\/product_brand?post=989472"},{"taxonomy":"product_cat","embeddable":true,"href":"https:\/\/magula.kucerka.sk\/en\/wp-json\/wp\/v2\/product_cat?post=989472"},{"taxonomy":"product_tag","embeddable":true,"href":"https:\/\/magula.kucerka.sk\/en\/wp-json\/wp\/v2\/product_tag?post=989472"}],"curies":[{"name":"wp","href":"https:\/\/api.w.org\/{rel}","templated":true}]}}

Degustačná večera s Palim Sekerkom

<div class="vgblk-rw-wrapper limit-wrapper">Existuje také miesto…</p>
<p>Tam, kde sa vynárajú dávno vnorené spomienky na detstvo.<br />
Kde kvety prekrývajú motýle a závoje hmyzu.<br />
A v tieni stromov počuť bzukot včiel. Len sedieť a stíšiť sa. Ponechať priestor prírode.</p>
<p>“Mám rád tento zvuk.” “Hej, aj ja,” usmievam sa na Vlada, kým Pali tancuje s pani Magulovou okolo artičokov.</p>
<p>Nie, toto nie je len vinohrad. Je to farma. Prijíma to, čo jej pripravila príroda.<br />
“Sprašová pôda.”<br />
A prináša do nej projekty neobmedzené časom, lebo len čas, trpezlivosť a “ja si všetko vyčítam z kníh” tu môžu fungovať.</p>
<p>A sem vás chceme spoločne pozvať.<br />
Magula x Sekerka.<br />
Bude to ako prísť k rodine. A nie, nepôjde len o večeru s Palim a Vladom.</p>
<p>Začneme ešte o niečo skôr. Magulovci vás budú sprevádzať svojou záhradou, miestami, kde žijú, ktoré roky tvoria. Ich domovom a farmou. Aj keď aj farma je domov. Ukážu vám priestory vinárstva na vrchole oberačkovej sezóny a čaká vás priamy kontakt s výrobou vína. A budú artičoky. A bezodný pohár vína k večeri. A kadečo iné, čo sa dochovalo a dopestovalo na farme.</p></div>
<p><!-- .vgblk-rw-wrapper --></p>

<p><span style="font-size: 16px;">Zažite miesto a rodinu a spolu s nimi aj večeru pripravenú Palim, premyslene spárovanú s vínami od Magulovcov.</span></p>
<p>13. september 2025 o 16:00<br />
159 € s DPH/osoba</p>
<p>Vinárstvo a farma Magula v Suchej nad Parnou<br />
Predstavenie farmy a vinárstva v tom najlepšom čase</p>
<p>Degustačná večera od Paliho s párovaním Magulovských vín<br />
..no a pocit, ktorý si so sebou odnesiete domov</p>
