{"id":989462,"date":"2025-09-02T14:04:48","date_gmt":"2025-09-02T12:04:48","guid":{"rendered":"https:\/\/magula.kucerka.sk\/?post_type=product&#038;p=989462"},"modified":"2025-09-02T14:11:49","modified_gmt":"2025-09-02T12:11:49","slug":"baccara-2019","status":"publish","type":"product","link":"https:\/\/magula.kucerka.sk\/en\/produkt\/baccara-2019\/","title":{"rendered":"Baccara 2019"},"content":{"rendered":"\t\t<div data-elementor-type=\"product-post\" data-elementor-id=\"989462\" class=\"elementor elementor-989462\" data-elementor-post-type=\"product\">\n\t\t\t\t<div class=\"elementor-element elementor-element-4ba8312 e-flex e-con-boxed e-con e-parent\" data-id=\"4ba8312\" data-element_type=\"container\">\n\t\t\t\t\t<div class=\"e-con-inner\">\n\t\t\t\t<div class=\"elementor-element elementor-element-3f0c57c2 elementor-widget elementor-widget-text-editor\" data-id=\"3f0c57c2\" data-element_type=\"widget\" data-widget_type=\"text-editor.default\">\n\t\t\t\t<div class=\"elementor-widget-container\">\n\t\t\t\t\t\t\t\t\t<p>Podobne ako rok 2016, tak aj rok 2017 bol pozna\u010den\u00fd neskor\u00fdmi jarn\u00fdmi mrazmi koncom apr\u00edla aj v m\u00e1ji na \u201etroch zmrznut\u00fdch\u201c. Na\u0161a poloha 200 m nad morom vinohrady op\u00e4\u0165 och\u00e1nila pred v\u00e1\u017enej\u0161\u00edm po\u0161koden\u00edm, lebo omrzli len kr\u00edky zostrihan\u00e9 na doln\u00fa hlavu, alebo rast\u00face v priehlbin\u00e1ch.<\/p><p>Aby toho nebolo dos\u0165, tak n\u00e1s za\u010diatkom j\u00fala postihol \u013eadovec a po\u0161kodil listy vini\u010da aj zelen\u00e9 bobule, ktor\u00e9 sa na \u0161\u0165astie po\u010das \u010fal\u0161ieho vyzrievania zahojili. Ro\u010dn\u00edk 2017 sa vyzna\u010doval suchom a teplotami, ktor\u00e9 pravidelne prekra\u010dovali 30\u00b0C. Na \u0161\u0165astie v j\u00fali, auguste aj v septembri v poslednej chv\u00edli v\u00fddatne napr\u0161alo, \u010do sta\u010dilo na primeran\u00e9 vyzrievanie vini\u010da. Z h\u013eadiska kvality a vyzretosti hrozna to bol ve\u013emi dobr\u00fd ro\u010dn\u00edk.<\/p><p>My\u0161lienka vytvori\u0165 cuv\u00e9e, odkazuj\u00face na terroir Vl\u010dia dolina, vznikla u\u017e pred nieko\u013ek\u00fdmi rokmi. Najprv sa v roku 2015 zrodil Ru\u017eov\u00fd vlk, sp\u00e1jaj\u00faci Frankovku z Ru\u017eovej doliny s Portugalom z Vl\u010dej doliny a n\u00e1sledne Oran\u017eov\u00fd vlk, vytvoren\u00fd z Vla\u0161\u00e1ka, Veltl\u00edna a Dev\u00edna, poch\u00e1dzaj\u00facich z vinohradov vo Vl\u010dej doline. Po \u0161tyroch rokoch sa k nim kone\u010dne prid\u00e1va \u010cerven\u00fd vlk, ktor\u00fd mo\u017eno pova\u017eova\u0165 za slovensk\u00fd bordeaux blend. Sp\u00e1ja sa v \u0148om Dunaj a Hron, v\u00fdnimo\u010dn\u00e9 slovensk\u00e9 novo\u0161\u013eachtence, ktor\u00e9 s\u00fa intiut\u00edvne milovan\u00e9 \u0161irok\u00fdmi vrstvami v\u00ednomilcov. V na\u0161om vin\u00e1rstve sme sa rozhodli vybra\u0165 cestou ich spojenia. Odstrapen\u00fd rmut Hronu spont\u00e1nne prekvasil v kadi a rmut Dev\u00edna spont\u00e1nne prekvasil v nerezovom tanku. Obe v\u00edna vyzrievali v sudoch a\u017e do j\u00fana 2019, kedy ich scelen\u00edm vznikol \u010cerven\u00fd vlk.<\/p><p>V\u00fdsledkom je jedine\u010dn\u00e9 v\u00edno s charakterom, divok\u00e9 aj elegantn\u00e9 z\u00e1rove\u0148<\/p>\t\t\t\t\t\t\t\t<\/div>\n\t\t\t\t<\/div>\n\t\t\t\t\t<\/div>\n\t\t\t\t<\/div>\n\t\t\t\t<\/div>\n\t\t","protected":false},"excerpt":{"rendered":"<p>Tmavopurpurov\u00e9 cuv\u00e9e vytvoren\u00e9 zo slovenskej odrody Rosa a Frankovky, ktor\u00e9 spolo\u010dne fermentovali v otvorenej kadi a n\u00e1sledne vyzrievali v 500l dubovom sude. V jeho farbe, v\u00f4ni aj chuti sa skr\u00fdva kr\u00e1\u013eovn\u00e1 ru\u017e\u00ed Black Baccara, unik\u00e1tny slovensk\u00fdch novo\u0161\u013eachtenec Rosa je pestovan\u00fd na suchovskej Ru\u017eovej hore.<\/p>\n<p>Spont\u00e1nne prekvasen\u00e9, nefiltrovan\u00e9, ne\u010d\u00edren\u00e9 bio-v\u00edno.<\/p>\n","protected":false},"featured_media":989463,"comment_status":"open","ping_status":"closed","template":"","meta":{"_acf_changed":false},"product_brand":[],"product_cat":[33],"product_tag":[],"class_list":{"0":"post-989462","1":"product","2":"type-product","3":"status-publish","4":"has-post-thumbnail","6":"product_cat-cervene-vino","8":"first","9":"instock","10":"taxable","11":"shipping-taxable","12":"purchasable","13":"product-type-simple"},"acf":[],"_links":{"self":[{"href":"https:\/\/magula.kucerka.sk\/en\/wp-json\/wp\/v2\/product\/989462","targetHints":{"allow":["GET"]}}],"collection":[{"href":"https:\/\/magula.kucerka.sk\/en\/wp-json\/wp\/v2\/product"}],"about":[{"href":"https:\/\/magula.kucerka.sk\/en\/wp-json\/wp\/v2\/types\/product"}],"replies":[{"embeddable":true,"href":"https:\/\/magula.kucerka.sk\/en\/wp-json\/wp\/v2\/comments?post=989462"}],"version-history":[{"count":1,"href":"https:\/\/magula.kucerka.sk\/en\/wp-json\/wp\/v2\/product\/989462\/revisions"}],"predecessor-version":[{"id":989465,"href":"https:\/\/magula.kucerka.sk\/en\/wp-json\/wp\/v2\/product\/989462\/revisions\/989465"}],"wp:featuredmedia":[{"embeddable":true,"href":"https:\/\/magula.kucerka.sk\/en\/wp-json\/wp\/v2\/media\/989463"}],"wp:attachment":[{"href":"https:\/\/magula.kucerka.sk\/en\/wp-json\/wp\/v2\/media?parent=989462"}],"wp:term":[{"taxonomy":"product_brand","embeddable":true,"href":"https:\/\/magula.kucerka.sk\/en\/wp-json\/wp\/v2\/product_brand?post=989462"},{"taxonomy":"product_cat","embeddable":true,"href":"https:\/\/magula.kucerka.sk\/en\/wp-json\/wp\/v2\/product_cat?post=989462"},{"taxonomy":"product_tag","embeddable":true,"href":"https:\/\/magula.kucerka.sk\/en\/wp-json\/wp\/v2\/product_tag?post=989462"}],"curies":[{"name":"wp","href":"https:\/\/api.w.org\/{rel}","templated":true}]}}

<div data-elementor-type="product-post" data-elementor-id="989462" class="elementor elementor-989462" data-elementor-post-type="product">
				<div class="elementor-element elementor-element-4ba8312 e-flex e-con-boxed e-con e-parent" data-id="4ba8312" data-element_type="container">
					<div class="e-con-inner">
				<div class="elementor-element elementor-element-3f0c57c2 elementor-widget elementor-widget-text-editor" data-id="3f0c57c2" data-element_type="widget" data-widget_type="text-editor.default">
				<div class="elementor-widget-container">
									<p>Podobne ako rok 2016, tak aj rok 2017 bol poznačený neskorými jarnými mrazmi koncom apríla aj v máji na „troch zmrznutých“. Naša poloha 200 m nad morom vinohrady opäť ochánila pred vážnejším poškodením, lebo omrzli len kríky zostrihané na dolnú hlavu, alebo rastúce v priehlbinách.</p><p>Aby toho nebolo dosť, tak nás začiatkom júla postihol ľadovec a poškodil listy viniča aj zelené bobule, ktoré sa na šťastie počas ďalšieho vyzrievania zahojili. Ročník 2017 sa vyznačoval suchom a teplotami, ktoré pravidelne prekračovali 30°C. Na šťastie v júli, auguste aj v septembri v poslednej chvíli výdatne napršalo, čo stačilo na primerané vyzrievanie viniča. Z hľadiska kvality a vyzretosti hrozna to bol veľmi dobrý ročník.</p><p>Myšlienka vytvoriť cuvée, odkazujúce na terroir Vlčia dolina, vznikla už pred niekoľkými rokmi. Najprv sa v roku 2015 zrodil Ružový vlk, spájajúci Frankovku z Ružovej doliny s Portugalom z Vlčej doliny a následne Oranžový vlk, vytvorený z Vlašáka, Veltlína a Devína, pochádzajúcich z vinohradov vo Vlčej doline. Po štyroch rokoch sa k nim konečne pridáva Červený vlk, ktorý možno považovať za slovenský bordeaux blend. Spája sa v ňom Dunaj a Hron, výnimočné slovenské novošľachtence, ktoré sú intiutívne milované širokými vrstvami vínomilcov. V našom vinárstve sme sa rozhodli vybrať cestou ich spojenia. Odstrapený rmut Hronu spontánne prekvasil v kadi a rmut Devína spontánne prekvasil v nerezovom tanku. Obe vína vyzrievali v sudoch až do júna 2019, kedy ich scelením vznikol Červený vlk.</p><p>Výsledkom je jedinečné víno s charakterom, divoké aj elegantné zároveň</p>								</div>
				</div>
					</div>
				</div>
				</div>

<p>Tmavopurpurové cuvée vytvorené zo slovenskej odrody Rosa a Frankovky, ktoré spoločne fermentovali v otvorenej kadi a následne vyzrievali v 500l dubovom sude. V jeho farbe, vôni aj chuti sa skrýva kráľovná ruží Black Baccara, unikátny slovenských novošľachtenec Rosa je pestovaný na suchovskej Ružovej hore.</p>
<p>Spontánne prekvasené, nefiltrované, nečírené bio-víno.</p>
