{"id":989373,"date":"2025-09-01T14:04:39","date_gmt":"2025-09-01T12:04:39","guid":{"rendered":"https:\/\/magula.kucerka.sk\/?post_type=product&#038;p=989373"},"modified":"2025-09-02T09:20:48","modified_gmt":"2025-09-02T07:20:48","slug":"teufelstal-pinot-noir-2021","status":"publish","type":"product","link":"https:\/\/magula.kucerka.sk\/en\/produkt\/teufelstal-pinot-noir-2021\/","title":{"rendered":"Teufelstal Pinot noir 2021"},"content":{"rendered":"\t\t<div data-elementor-type=\"product-post\" data-elementor-id=\"989373\" class=\"elementor elementor-989373\" data-elementor-post-type=\"product\">\n\t\t\t\t<div class=\"elementor-element elementor-element-4ba8312 e-flex e-con-boxed e-con e-parent\" data-id=\"4ba8312\" data-element_type=\"container\">\n\t\t\t\t\t<div class=\"e-con-inner\">\n\t\t\t\t<div class=\"elementor-element elementor-element-3f0c57c2 elementor-widget elementor-widget-text-editor\" data-id=\"3f0c57c2\" data-element_type=\"widget\" data-widget_type=\"text-editor.default\">\n\t\t\t\t<div class=\"elementor-widget-container\">\n\t\t\t\t\t\t\t\t\t<p>Podobne ako rok 2016, tak aj rok 2017 bol pozna\u010den\u00fd neskor\u00fdmi jarn\u00fdmi mrazmi koncom apr\u00edla aj v m\u00e1ji na \u201etroch zmrznut\u00fdch\u201c. Na\u0161a poloha 200 m nad morom vinohrady op\u00e4\u0165 och\u00e1nila pred v\u00e1\u017enej\u0161\u00edm po\u0161koden\u00edm, lebo omrzli len kr\u00edky zostrihan\u00e9 na doln\u00fa hlavu, alebo rast\u00face v priehlbin\u00e1ch.<\/p><p>Aby toho nebolo dos\u0165, tak n\u00e1s za\u010diatkom j\u00fala postihol \u013eadovec a po\u0161kodil listy vini\u010da aj zelen\u00e9 bobule, ktor\u00e9 sa na \u0161\u0165astie po\u010das \u010fal\u0161ieho vyzrievania zahojili. Ro\u010dn\u00edk 2017 sa vyzna\u010doval suchom a teplotami, ktor\u00e9 pravidelne prekra\u010dovali 30\u00b0C. Na \u0161\u0165astie v j\u00fali, auguste aj v septembri v poslednej chv\u00edli v\u00fddatne napr\u0161alo, \u010do sta\u010dilo na primeran\u00e9 vyzrievanie vini\u010da. Z h\u013eadiska kvality a vyzretosti hrozna o\u010dak\u00e1vame ve\u013emi dobr\u00fd ro\u010dn\u00edk. Hlavn\u00fd zber Portugalu n\u00e1s pote\u0161il zdrav\u00fdm a kvalitn\u00fdm hroznom s cukornatos\u0165ou 19\u00b0NM ktor\u00e1 po od\u010derpan\u00ed mu\u0161tu na rose vyst\u00fapila na 20\u00b0NM.<\/p><p>Nezas\u00edren\u00fd rmut sme nechali spont\u00e1nne prekvasi\u0165. Mlad\u00e9 v\u00edno zostalo na \u0161upk\u00e1ch 25 dn\u00ed a pote\u0161ilo n\u00e1s svie\u017eou a \u010distou chu\u0165ou. Nechali sme ho dvan\u00e1s\u0165 mesiacov vyzrieva\u0165 vo vyv\u00ednen\u00fdch dubov\u00fdch sudoch. Po scelen\u00ed sme v\u00edno jemne zas\u00edrili a po \u0161tyroch mesiacoch \u010fal\u0161ieho vyzrievania naf\u013ea\u0161ovali.<\/p><p>V\u00fdsledkom je pr\u00edjemn\u00fd a svie\u017ei Portugal s podmanivou a harmonickou ovocnos\u0165ou. Ide\u00e1lny spolo\u010dn\u00edk k jedlu aj na radostn\u00e9 pop\u00edjanie s priate\u013emi.<\/p>\t\t\t\t\t\t\t\t<\/div>\n\t\t\t\t<\/div>\n\t\t\t\t\t<\/div>\n\t\t\t\t<\/div>\n\t\t\t\t<\/div>\n\t\t","protected":false},"excerpt":{"rendered":"<p>Prv\u00e1 \u0161tandardn\u00e1 \u00faroda z jedine\u010dn\u00e9ho vinohradu Teufelstal vo Vl\u010dej doline, ktor\u00fd sme vysadili v roku 2017.<\/p>\n<p>Od tejto vinice sme mali od po\u010diatku obrovsk\u00e9 o\u010dak\u00e1vania, preto sme na prv\u00fa \u00farodu \u010dakali s ve\u013ek\u00fdm vzru\u0161en\u00edm a z\u00e1rove\u0148 nervozitou! Na\u0161\u0165astie sme neboli sklaman\u00ed. V\u00edno z prv\u00e9ho zberu ukazuje nielen obrovsk\u00fd pr\u00eds\u013eub ve\u013ek\u00fdch v\u00edn do bud\u00facnosti, no samo o sebe je\u00a0mimoriadne lahodn\u00e9, s krehkou, a\u017e \u00e9terickou osobnos\u0165ou. Predstavuje samotn\u00fa esenciu odrody Pinot noir, tak ako ju vn\u00edmame a suver\u00e9nne n\u00e1s ubezpe\u010duje, \u017ee sa t\u00e1to odroda u n\u00e1s vo Vl\u010dej doline c\u00edti ve\u013emi komfortne a prijala ju za svoj nov\u00fd domov!<\/p>\n<p>Spont\u00e1nne prekvasen\u00e9, nefiltrovan\u00e9, ne\u010d\u00edren\u00e9 bio v\u00edno ru\u010dne pozbieran\u00e9 z vlastn\u00fdch, biodynamicky obr\u00e1ban\u00fdch vinohradov.<\/p>\n","protected":false},"featured_media":989377,"comment_status":"open","ping_status":"closed","template":"","meta":{"_acf_changed":false},"product_brand":[],"product_cat":[33],"product_tag":[],"class_list":{"0":"post-989373","1":"product","2":"type-product","3":"status-publish","4":"has-post-thumbnail","6":"product_cat-cervene-vino","8":"first","9":"instock","10":"taxable","11":"shipping-taxable","12":"purchasable","13":"product-type-simple"},"acf":[],"_links":{"self":[{"href":"https:\/\/magula.kucerka.sk\/en\/wp-json\/wp\/v2\/product\/989373","targetHints":{"allow":["GET"]}}],"collection":[{"href":"https:\/\/magula.kucerka.sk\/en\/wp-json\/wp\/v2\/product"}],"about":[{"href":"https:\/\/magula.kucerka.sk\/en\/wp-json\/wp\/v2\/types\/product"}],"replies":[{"embeddable":true,"href":"https:\/\/magula.kucerka.sk\/en\/wp-json\/wp\/v2\/comments?post=989373"}],"version-history":[{"count":1,"href":"https:\/\/magula.kucerka.sk\/en\/wp-json\/wp\/v2\/product\/989373\/revisions"}],"predecessor-version":[{"id":989379,"href":"https:\/\/magula.kucerka.sk\/en\/wp-json\/wp\/v2\/product\/989373\/revisions\/989379"}],"wp:featuredmedia":[{"embeddable":true,"href":"https:\/\/magula.kucerka.sk\/en\/wp-json\/wp\/v2\/media\/989377"}],"wp:attachment":[{"href":"https:\/\/magula.kucerka.sk\/en\/wp-json\/wp\/v2\/media?parent=989373"}],"wp:term":[{"taxonomy":"product_brand","embeddable":true,"href":"https:\/\/magula.kucerka.sk\/en\/wp-json\/wp\/v2\/product_brand?post=989373"},{"taxonomy":"product_cat","embeddable":true,"href":"https:\/\/magula.kucerka.sk\/en\/wp-json\/wp\/v2\/product_cat?post=989373"},{"taxonomy":"product_tag","embeddable":true,"href":"https:\/\/magula.kucerka.sk\/en\/wp-json\/wp\/v2\/product_tag?post=989373"}],"curies":[{"name":"wp","href":"https:\/\/api.w.org\/{rel}","templated":true}]}}

<div data-elementor-type="product-post" data-elementor-id="989373" class="elementor elementor-989373" data-elementor-post-type="product">
				<div class="elementor-element elementor-element-4ba8312 e-flex e-con-boxed e-con e-parent" data-id="4ba8312" data-element_type="container">
					<div class="e-con-inner">
				<div class="elementor-element elementor-element-3f0c57c2 elementor-widget elementor-widget-text-editor" data-id="3f0c57c2" data-element_type="widget" data-widget_type="text-editor.default">
				<div class="elementor-widget-container">
									<p>Podobne ako rok 2016, tak aj rok 2017 bol poznačený neskorými jarnými mrazmi koncom apríla aj v máji na „troch zmrznutých“. Naša poloha 200 m nad morom vinohrady opäť ochánila pred vážnejším poškodením, lebo omrzli len kríky zostrihané na dolnú hlavu, alebo rastúce v priehlbinách.</p><p>Aby toho nebolo dosť, tak nás začiatkom júla postihol ľadovec a poškodil listy viniča aj zelené bobule, ktoré sa na šťastie počas ďalšieho vyzrievania zahojili. Ročník 2017 sa vyznačoval suchom a teplotami, ktoré pravidelne prekračovali 30°C. Na šťastie v júli, auguste aj v septembri v poslednej chvíli výdatne napršalo, čo stačilo na primerané vyzrievanie viniča. Z hľadiska kvality a vyzretosti hrozna očakávame veľmi dobrý ročník. Hlavný zber Portugalu nás potešil zdravým a kvalitným hroznom s cukornatosťou 19°NM ktorá po odčerpaní muštu na rose vystúpila na 20°NM.</p><p>Nezasírený rmut sme nechali spontánne prekvasiť. Mladé víno zostalo na šupkách 25 dní a potešilo nás sviežou a čistou chuťou. Nechali sme ho dvanásť mesiacov vyzrievať vo vyvínených dubových sudoch. Po scelení sme víno jemne zasírili a po štyroch mesiacoch ďalšieho vyzrievania nafľašovali.</p><p>Výsledkom je príjemný a svieži Portugal s podmanivou a harmonickou ovocnosťou. Ideálny spoločník k jedlu aj na radostné popíjanie s priateľmi.</p>								</div>
				</div>
					</div>
				</div>
				</div>

<p>Prvá štandardná úroda z jedinečného vinohradu Teufelstal vo Vlčej doline, ktorý sme vysadili v roku 2017.</p>
<p>Od tejto vinice sme mali od počiatku obrovské očakávania, preto sme na prvú úrodu čakali s veľkým vzrušením a zároveň nervozitou! Našťastie sme neboli sklamaní. Víno z prvého zberu ukazuje nielen obrovský prísľub veľkých vín do budúcnosti, no samo o sebe je mimoriadne lahodné, s krehkou, až éterickou osobnosťou. Predstavuje samotnú esenciu odrody Pinot noir, tak ako ju vnímame a suverénne nás ubezpečuje, že sa táto odroda u nás vo Vlčej doline cíti veľmi komfortne a prijala ju za svoj nový domov!</p>
<p>Spontánne prekvasené, nefiltrované, nečírené bio víno ručne pozbierané z vlastných, biodynamicky obrábaných vinohradov.</p>
